{"id":22,"date":"2016-08-21T22:55:35","date_gmt":"2016-08-21T20:55:35","guid":{"rendered":"http:\/\/www.trachtenverein-sulzberg.at\/entwurf\/?page_id=22"},"modified":"2023-08-01T18:26:54","modified_gmt":"2023-08-01T16:26:54","slug":"tracht","status":"publish","type":"page","link":"http:\/\/www.trachtenverein-sulzberg.at\/?page_id=22","title":{"rendered":"Tracht"},"content":{"rendered":"<p style=\"text-align: center;\">Eine Tracht ist nicht einfach nur ein Dirndl oder eine Lederhose,\u00a0es ist etwas ganz besonderes.\u00a0Eine passende, ma\u00dfgeschneiderte Tracht, macht etwas mit einem.<\/p>\n<p style=\"text-align: center;\">Man steht ganz anders da, hat Grund zu lachen, hat Freude daran, anderen zu zeigen aus welcher Ortschaft man stammt, kurz um &#8211; man f\u00fchlt sich einfach &#8222;putz pudl wohl&#8220; in der eigenen Tracht. Es ist ein St\u00fcck kostbaren Heimatgef\u00fchls, das man f\u00fcr sein Leben lang mit sich tr\u00e4gt und dabei tr\u00e4gt man nicht nur ein wunderbares Gewand, sondern auch Ortsverbundenheit, Kultur und Tradition weiter.<\/p>\n<p style=\"text-align: center;\">Wir haben auf jeden Fall viel Freude mit unserer Tracht!<\/p>\n","protected":false},"excerpt":{"rendered":"<p>Eine Tracht ist nicht einfach nur ein Dirndl oder eine Lederhose,\u00a0es ist etwas ganz besonderes.\u00a0Eine passende, ma\u00dfgeschneiderte Tracht, macht etwas mit einem. Man steht ganz anders da, hat Grund zu lachen, hat Freude daran, anderen zu zeigen aus welcher Ortschaft man stammt, kurz um &#8211; man f\u00fchlt sich einfach &#8222;putz pudl wohl&#8220; in der eigenen [&hellip;]<\/p>\n","protected":false},"author":1,"featured_media":570,"parent":0,"menu_order":0,"comment_status":"closed","ping_status":"closed","template":"","meta":[],"_links":{"self":[{"href":"http:\/\/www.trachtenverein-sulzberg.at\/index.php?rest_route=\/wp\/v2\/pages\/22"}],"collection":[{"href":"http:\/\/www.trachtenverein-sulzberg.at\/index.php?rest_route=\/wp\/v2\/pages"}],"about":[{"href":"http:\/\/www.trachtenverein-sulzberg.at\/index.php?rest_route=\/wp\/v2\/types\/page"}],"author":[{"embeddable":true,"href":"http:\/\/www.trachtenverein-sulzberg.at\/index.php?rest_route=\/wp\/v2\/users\/1"}],"replies":[{"embeddable":true,"href":"http:\/\/www.trachtenverein-sulzberg.at\/index.php?rest_route=%2Fwp%2Fv2%2Fcomments&post=22"}],"version-history":[{"count":2,"href":"http:\/\/www.trachtenverein-sulzberg.at\/index.php?rest_route=\/wp\/v2\/pages\/22\/revisions"}],"predecessor-version":[{"id":572,"href":"http:\/\/www.trachtenverein-sulzberg.at\/index.php?rest_route=\/wp\/v2\/pages\/22\/revisions\/572"}],"wp:featuredmedia":[{"embeddable":true,"href":"http:\/\/www.trachtenverein-sulzberg.at\/index.php?rest_route=\/wp\/v2\/media\/570"}],"wp:attachment":[{"href":"http:\/\/www.trachtenverein-sulzberg.at\/index.php?rest_route=%2Fwp%2Fv2%2Fmedia&parent=22"}],"curies":[{"name":"wp","href":"https:\/\/api.w.org\/{rel}","templated":true}]}}

<p style="text-align: center;">Eine Tracht ist nicht einfach nur ein Dirndl oder eine Lederhose, es ist etwas ganz besonderes. Eine passende, maßgeschneiderte Tracht, macht etwas mit einem.</p>
<p style="text-align: center;">Man steht ganz anders da, hat Grund zu lachen, hat Freude daran, anderen zu zeigen aus welcher Ortschaft man stammt, kurz um &#8211; man fühlt sich einfach &#8222;putz pudl wohl&#8220; in der eigenen Tracht. Es ist ein Stück kostbaren Heimatgefühls, das man für sein Leben lang mit sich trägt und dabei trägt man nicht nur ein wunderbares Gewand, sondern auch Ortsverbundenheit, Kultur und Tradition weiter.</p>
<p style="text-align: center;">Wir haben auf jeden Fall viel Freude mit unserer Tracht!</p>

<p>Eine Tracht ist nicht einfach nur ein Dirndl oder eine Lederhose, es ist etwas ganz besonderes. Eine passende, maßgeschneiderte Tracht, macht etwas mit einem. Man steht ganz anders da, hat Grund zu lachen, hat Freude daran, anderen zu zeigen aus welcher Ortschaft man stammt, kurz um &#8211; man fühlt sich einfach &#8222;putz pudl wohl&#8220; in der eigenen [&hellip;]</p>
