{"id":24,"date":"2016-08-21T22:55:58","date_gmt":"2016-08-21T20:55:58","guid":{"rendered":"http:\/\/www.trachtenverein-sulzberg.at\/entwurf\/?page_id=24"},"modified":"2023-11-11T20:23:33","modified_gmt":"2023-11-11T19:23:33","slug":"fotogalerie","status":"publish","type":"page","link":"http:\/\/www.trachtenverein-sulzberg.at\/?page_id=24","title":{"rendered":"Fotogalerien"},"content":{"rendered":"<p>2023 &#8211; Trachtentag<\/p>\n<p><a href=\"http:\/\/www.trachtenverein-sulzberg.at\/?page_id=582\">2023 &#8211; Bergf\u00e4scht Dam\u00fcls<\/a><\/p>\n<p><a href=\"http:\/\/www.trachtenverein-sulzberg.at\/?page_id=576\">2023 &#8211; Grillfest<\/a><\/p>\n<p><a href=\"http:\/\/www.trachtenverein-sulzberg.at\/?page_id=523\">2023 &#8211; Kochabend f\u00fcr M\u00e4nner<\/a><\/p>\n<p><a href=\"http:\/\/www.trachtenverein-sulzberg.at\/?page_id=505\">2022 &#8211; Vereinsausflug ins Gro\u00dfe Walsertal<\/a><\/p>\n<p><a href=\"http:\/\/www.trachtenverein-sulzberg.at\/?page_id=500\">2022 &#8211; Bezirksmusikfest Lingenau\u00a0<\/a><\/p>\n<p><a href=\"http:\/\/www.trachtenverein-sulzberg.at\/?page_id=491\">2021 &#8211; Trachtenvorstellung<\/a><\/p>\n<p><a href=\"http:\/\/www.trachtenverein-sulzberg.at\/?page_id=480\">2021 &#8211; Grillabend im Schopf<\/a><\/p>\n<p><a href=\"http:\/\/www.trachtenverein-sulzberg.at\/?page_id=458\">2021 &#8211; Besuch Bundespr\u00e4sident<\/a><\/p>\n<p><a href=\"http:\/\/www.trachtenverein-sulzberg.at\/?page_id=468\">2021 &#8211; Jahreshauptversammlung und Vorstandswechsel\u00a0<\/a><\/p>\n<p><a href=\"http:\/\/www.trachtenverein-sulzberg.at\/?page_id=430\">2019 &#8211; Tanz in den Fr\u00fchling<\/a><\/p>\n<p><a href=\"http:\/\/www.trachtenverein-sulzberg.at\/?page_id=406\">2018 &#8211; Fest der Trachtengruppe Andelsbuch<\/a><\/p>\n<p><a href=\"http:\/\/www.trachtenverein-sulzberg.at\/?page_id=409\">2018 &#8211; Trachtensonntag<\/a><\/p>\n<p><a href=\"http:\/\/www.trachtenverein-sulzberg.at\/?page_id=403\">2018 &#8211; Grillabend<\/a><\/p>\n<p><a href=\"http:\/\/www.trachtenverein-sulzberg.at\/?page_id=391\">2018 &#8211; Verleihung Ehrenmedaille Silber an Petra<\/a><\/p>\n<p><a href=\"http:\/\/www.trachtenverein-sulzberg.at\/?page_id=382\">2018 &#8211; Tanz in den Fr\u00fchling<\/a><\/p>\n<p><a href=\"http:\/\/www.trachtenverein-sulzberg.at\/?page_id=337\">2017 &#8211; Grillabend<\/a><\/p>\n<p><a href=\"http:\/\/www.trachtenverein-sulzberg.at\/?page_id=320\">2017 &#8211; Musikfest Lech<\/a><\/p>\n<p><a href=\"http:\/\/www.trachtenverein-sulzberg.at\/?page_id=313\">2017 &#8211; Musikfest Fluh<\/a><\/p>\n<p><a href=\"http:\/\/www.trachtenverein-sulzberg.at\/?page_id=282\">2017 &#8211; Tanz in den Fr\u00fchling<\/a><\/p>\n<p><a href=\"http:\/\/www.trachtenverein-sulzberg.at\/?page_id=177\">2016 &#8211; 5 Jahre Trachtenverein<\/a><\/p>\n<p><a href=\"http:\/\/www.trachtenverein-sulzberg.at\/?page_id=333\">2016 &#8211; Tracht im Fr\u00fchling<\/a><\/p>\n<p><a href=\"http:\/\/www.trachtenverein-sulzberg.at\/?page_id=143\">2015 &#8211; Trachtentag<br \/>\n<\/a><\/p>\n<p><a href=\"http:\/\/www.trachtenverein-sulzberg.at\/?page_id=141\">2014 &#8211; Trachtensonntag<\/a><\/p>\n<p><a href=\"http:\/\/www.trachtenverein-sulzberg.at\/?page_id=137\">2014 &#8211; Generalversammlung des LTV<\/a><\/p>\n<p><a href=\"http:\/\/www.trachtenverein-sulzberg.at\/?page_id=135\">2014 &#8211; 1. Generalversammlung des TVS<\/a><\/p>\n<p><a href=\"http:\/\/www.trachtenverein-sulzberg.at\/?page_id=139\">2014 &#8211; Empfang K\u00e4sek\u00f6nigin<\/a><\/p>\n<p><a href=\"http:\/\/www.trachtenverein-sulzberg.at\/?page_id=133\">2013 &#8211; Au<\/a><\/p>\n<p><a href=\"http:\/\/www.trachtenverein-sulzberg.at\/?page_id=129\">2012 &#8211; Landestrachtentag Krumbach<\/a><\/p>\n<p><a href=\"http:\/\/www.trachtenverein-sulzberg.at\/?page_id=131\">2012 &#8211; Trachtenvorstellung<\/a><\/p>\n<p><a href=\"http:\/\/www.trachtenverein-sulzberg.at\/?page_id=127\">2011 &#8211; Vorstellung des Trachtenvereines<\/a><\/p>\n<p><a href=\"http:\/\/www.trachtenverein-sulzberg.at\/?page_id=125\">2011 &#8211; Gr\u00fcnderversammlung<\/a><\/p>\n<p>&nbsp;<\/p>\n","protected":false},"excerpt":{"rendered":"<p>2023 &#8211; Trachtentag 2023 &#8211; Bergf\u00e4scht Dam\u00fcls 2023 &#8211; Grillfest 2023 &#8211; Kochabend f\u00fcr M\u00e4nner 2022 &#8211; Vereinsausflug ins Gro\u00dfe Walsertal 2022 &#8211; Bezirksmusikfest Lingenau\u00a0 2021 &#8211; Trachtenvorstellung 2021 &#8211; Grillabend im Schopf 2021 &#8211; Besuch Bundespr\u00e4sident 2021 &#8211; Jahreshauptversammlung und Vorstandswechsel\u00a0 2019 &#8211; Tanz in den Fr\u00fchling 2018 &#8211; Fest der Trachtengruppe Andelsbuch 2018 [&hellip;]<\/p>\n","protected":false},"author":1,"featured_media":553,"parent":0,"menu_order":0,"comment_status":"closed","ping_status":"closed","template":"","meta":[],"_links":{"self":[{"href":"http:\/\/www.trachtenverein-sulzberg.at\/index.php?rest_route=\/wp\/v2\/pages\/24"}],"collection":[{"href":"http:\/\/www.trachtenverein-sulzberg.at\/index.php?rest_route=\/wp\/v2\/pages"}],"about":[{"href":"http:\/\/www.trachtenverein-sulzberg.at\/index.php?rest_route=\/wp\/v2\/types\/page"}],"author":[{"embeddable":true,"href":"http:\/\/www.trachtenverein-sulzberg.at\/index.php?rest_route=\/wp\/v2\/users\/1"}],"replies":[{"embeddable":true,"href":"http:\/\/www.trachtenverein-sulzberg.at\/index.php?rest_route=%2Fwp%2Fv2%2Fcomments&post=24"}],"version-history":[{"count":25,"href":"http:\/\/www.trachtenverein-sulzberg.at\/index.php?rest_route=\/wp\/v2\/pages\/24\/revisions"}],"predecessor-version":[{"id":588,"href":"http:\/\/www.trachtenverein-sulzberg.at\/index.php?rest_route=\/wp\/v2\/pages\/24\/revisions\/588"}],"wp:featuredmedia":[{"embeddable":true,"href":"http:\/\/www.trachtenverein-sulzberg.at\/index.php?rest_route=\/wp\/v2\/media\/553"}],"wp:attachment":[{"href":"http:\/\/www.trachtenverein-sulzberg.at\/index.php?rest_route=%2Fwp%2Fv2%2Fmedia&parent=24"}],"curies":[{"name":"wp","href":"https:\/\/api.w.org\/{rel}","templated":true}]}}

<p>2023 &#8211; Trachtentag</p>
<p><a href="http://www.trachtenverein-sulzberg.at/?page_id=582">2023 &#8211; Bergfäscht Damüls</a></p>
<p><a href="http://www.trachtenverein-sulzberg.at/?page_id=576">2023 &#8211; Grillfest</a></p>
<p><a href="http://www.trachtenverein-sulzberg.at/?page_id=523">2023 &#8211; Kochabend für Männer</a></p>
<p><a href="http://www.trachtenverein-sulzberg.at/?page_id=505">2022 &#8211; Vereinsausflug ins Große Walsertal</a></p>
<p><a href="http://www.trachtenverein-sulzberg.at/?page_id=500">2022 &#8211; Bezirksmusikfest Lingenau </a></p>
<p><a href="http://www.trachtenverein-sulzberg.at/?page_id=491">2021 &#8211; Trachtenvorstellung</a></p>
<p><a href="http://www.trachtenverein-sulzberg.at/?page_id=480">2021 &#8211; Grillabend im Schopf</a></p>
<p><a href="http://www.trachtenverein-sulzberg.at/?page_id=458">2021 &#8211; Besuch Bundespräsident</a></p>
<p><a href="http://www.trachtenverein-sulzberg.at/?page_id=468">2021 &#8211; Jahreshauptversammlung und Vorstandswechsel </a></p>
<p><a href="http://www.trachtenverein-sulzberg.at/?page_id=430">2019 &#8211; Tanz in den Frühling</a></p>
<p><a href="http://www.trachtenverein-sulzberg.at/?page_id=406">2018 &#8211; Fest der Trachtengruppe Andelsbuch</a></p>
<p><a href="http://www.trachtenverein-sulzberg.at/?page_id=409">2018 &#8211; Trachtensonntag</a></p>
<p><a href="http://www.trachtenverein-sulzberg.at/?page_id=403">2018 &#8211; Grillabend</a></p>
<p><a href="http://www.trachtenverein-sulzberg.at/?page_id=391">2018 &#8211; Verleihung Ehrenmedaille Silber an Petra</a></p>
<p><a href="http://www.trachtenverein-sulzberg.at/?page_id=382">2018 &#8211; Tanz in den Frühling</a></p>
<p><a href="http://www.trachtenverein-sulzberg.at/?page_id=337">2017 &#8211; Grillabend</a></p>
<p><a href="http://www.trachtenverein-sulzberg.at/?page_id=320">2017 &#8211; Musikfest Lech</a></p>
<p><a href="http://www.trachtenverein-sulzberg.at/?page_id=313">2017 &#8211; Musikfest Fluh</a></p>
<p><a href="http://www.trachtenverein-sulzberg.at/?page_id=282">2017 &#8211; Tanz in den Frühling</a></p>
<p><a href="http://www.trachtenverein-sulzberg.at/?page_id=177">2016 &#8211; 5 Jahre Trachtenverein</a></p>
<p><a href="http://www.trachtenverein-sulzberg.at/?page_id=333">2016 &#8211; Tracht im Frühling</a></p>
<p><a href="http://www.trachtenverein-sulzberg.at/?page_id=143">2015 &#8211; Trachtentag<br />
</a></p>
<p><a href="http://www.trachtenverein-sulzberg.at/?page_id=141">2014 &#8211; Trachtensonntag</a></p>
<p><a href="http://www.trachtenverein-sulzberg.at/?page_id=137">2014 &#8211; Generalversammlung des LTV</a></p>
<p><a href="http://www.trachtenverein-sulzberg.at/?page_id=135">2014 &#8211; 1. Generalversammlung des TVS</a></p>
<p><a href="http://www.trachtenverein-sulzberg.at/?page_id=139">2014 &#8211; Empfang Käsekönigin</a></p>
<p><a href="http://www.trachtenverein-sulzberg.at/?page_id=133">2013 &#8211; Au</a></p>
<p><a href="http://www.trachtenverein-sulzberg.at/?page_id=129">2012 &#8211; Landestrachtentag Krumbach</a></p>
<p><a href="http://www.trachtenverein-sulzberg.at/?page_id=131">2012 &#8211; Trachtenvorstellung</a></p>
<p><a href="http://www.trachtenverein-sulzberg.at/?page_id=127">2011 &#8211; Vorstellung des Trachtenvereines</a></p>
<p><a href="http://www.trachtenverein-sulzberg.at/?page_id=125">2011 &#8211; Gründerversammlung</a></p>
<p>&nbsp;</p>

<p>2023 &#8211; Trachtentag 2023 &#8211; Bergfäscht Damüls 2023 &#8211; Grillfest 2023 &#8211; Kochabend für Männer 2022 &#8211; Vereinsausflug ins Große Walsertal 2022 &#8211; Bezirksmusikfest Lingenau  2021 &#8211; Trachtenvorstellung 2021 &#8211; Grillabend im Schopf 2021 &#8211; Besuch Bundespräsident 2021 &#8211; Jahreshauptversammlung und Vorstandswechsel  2019 &#8211; Tanz in den Frühling 2018 &#8211; Fest der Trachtengruppe Andelsbuch 2018 [&hellip;]</p>
